{"id":7250,"date":"2017-11-30T13:50:27","date_gmt":"2017-11-30T12:50:27","guid":{"rendered":"https:\/\/www.ekholmnordic.se\/produkt\/ls-heat-seat-for-saddles\/"},"modified":"2019-01-19T18:32:35","modified_gmt":"2019-01-19T17:32:35","slug":"ls-heat-seat-for-saddles","status":"publish","type":"product","link":"https:\/\/www.ekholmnordic.se\/en\/produkt\/ls-heat-seat-for-saddles\/","title":{"rendered":"LS HEAT SEAT FOR SADDLES"},"content":{"rendered":"<p id=\"tw-target-text\" class=\"tw-data-text tw-ta tw-text-small\" dir=\"ltr\" data-placeholder=\"\u00d6vers\u00e4ttning\"><span lang=\"en\">LS HEAT SEAT <\/span><\/p>\n<p class=\"tw-data-text tw-ta tw-text-small\" dir=\"ltr\" data-placeholder=\"\u00d6vers\u00e4ttning\"><span lang=\"en\">LS HEAT SEAT for saddle gives your seat a lovely warmth during cold winter days in the saddle. <\/span><\/p>\n<p class=\"tw-data-text tw-ta tw-text-small\" dir=\"ltr\" data-placeholder=\"\u00d6vers\u00e4ttning\"><span lang=\"en\">It is fitted to the saddle for the best fit. Fastened with elastic and Velcro. It is made of genuine Swedish natural sheepskin and is available in varied colors. <\/span><\/p>\n<p class=\"tw-data-text tw-ta tw-text-small\" dir=\"ltr\" data-placeholder=\"\u00d6vers\u00e4ttning\"><span lang=\"en\">It is only sewn up after ordering. Right now only in full size but with interest in pony size so please email us info@ekholmnordic.eu. <\/span><\/p>\n<p class=\"tw-data-text tw-ta tw-text-small\" dir=\"ltr\" data-placeholder=\"\u00d6vers\u00e4ttning\"><span lang=\"en\">This seat is now available in the webshop <\/span><\/p>\n<p class=\"tw-data-text tw-ta tw-text-small\" dir=\"ltr\" data-placeholder=\"\u00d6vers\u00e4ttning\"><span lang=\"en\">NOTE: No discounts apply <\/span><\/p>\n<p class=\"tw-data-text tw-ta tw-text-small\" dir=\"ltr\" data-placeholder=\"\u00d6vers\u00e4ttning\"><span lang=\"en\">Lager&#8217;s leather own website is <\/span><\/p>\n<p class=\"tw-data-text tw-ta tw-text-small\" dir=\"ltr\" data-placeholder=\"\u00d6vers\u00e4ttning\"><span lang=\"en\">www.bogolen.se <\/span><\/p>\n<p class=\"tw-data-text tw-ta tw-text-small\" dir=\"ltr\" data-placeholder=\"\u00d6vers\u00e4ttning\"><span lang=\"en\">You can also find them on Facebook, click on the name here: <\/span><\/p>\n<p class=\"tw-data-text tw-ta tw-text-small\" dir=\"ltr\" data-placeholder=\"\u00d6vers\u00e4ttning\"><span lang=\"en\">Lagers Skinn LS products And on Instagram<img loading=\"lazy\" decoding=\"async\" class=\"alignleft size-medium wp-image-7232\" src=\"https:\/\/www.ekholmnordic.se\/wp-content\/uploads\/2017\/11\/Sits2e-225x300.jpg\" alt=\"\" width=\"225\" height=\"300\" srcset=\"https:\/\/www.ekholmnordic.se\/wp-content\/uploads\/2017\/11\/Sits2e-225x300.jpg 225w, https:\/\/www.ekholmnordic.se\/wp-content\/uploads\/2017\/11\/Sits2e-100x133.jpg 100w, https:\/\/www.ekholmnordic.se\/wp-content\/uploads\/2017\/11\/Sits2e-600x800.jpg 600w, https:\/\/www.ekholmnordic.se\/wp-content\/uploads\/2017\/11\/Sits2e.jpg 720w\" sizes=\"auto, (max-width: 225px) 100vw, 225px\" \/><img loading=\"lazy\" decoding=\"async\" class=\"alignleft size-medium wp-image-7238\" src=\"https:\/\/www.ekholmnordic.se\/wp-content\/uploads\/2017\/11\/Sits2c-220x300.jpg\" alt=\"\" width=\"220\" height=\"300\" srcset=\"https:\/\/www.ekholmnordic.se\/wp-content\/uploads\/2017\/11\/Sits2c-220x300.jpg 220w, https:\/\/www.ekholmnordic.se\/wp-content\/uploads\/2017\/11\/Sits2c-100x136.jpg 100w, https:\/\/www.ekholmnordic.se\/wp-content\/uploads\/2017\/11\/Sits2c.jpg 528w\" sizes=\"auto, (max-width: 220px) 100vw, 220px\" \/><img loading=\"lazy\" decoding=\"async\" class=\"alignleft size-medium wp-image-7244\" src=\"https:\/\/www.ekholmnordic.se\/wp-content\/uploads\/2017\/11\/Sits2a-300x300.jpg\" alt=\"\" width=\"300\" height=\"300\" srcset=\"https:\/\/www.ekholmnordic.se\/wp-content\/uploads\/2017\/11\/Sits2a-300x300.jpg 300w, https:\/\/www.ekholmnordic.se\/wp-content\/uploads\/2017\/11\/Sits2a-150x150.jpg 150w, https:\/\/www.ekholmnordic.se\/wp-content\/uploads\/2017\/11\/Sits2a-100x100.jpg 100w, https:\/\/www.ekholmnordic.se\/wp-content\/uploads\/2017\/11\/Sits2a-865x865.jpg 865w, https:\/\/www.ekholmnordic.se\/wp-content\/uploads\/2017\/11\/Sits2a-600x600.jpg 600w, https:\/\/www.ekholmnordic.se\/wp-content\/uploads\/2017\/11\/Sits2a.jpg 960w\" sizes=\"auto, (max-width: 300px) 100vw, 300px\" \/>: Lagers skinn<\/span><\/p>\n","protected":false},"excerpt":{"rendered":"<h6><strong>LS HEAT SEAT GIVES THE SEAT A BEAUTIFUL HEAT ON RIDING COLD DAYS<br \/>\nFROM SWEDISCH SHEEP<\/strong><\/h6>\n","protected":false},"featured_media":24082,"comment_status":"closed","ping_status":"closed","template":"","meta":{"_monsterinsights_skip_tracking":false,"_monsterinsights_sitenote_active":false,"_monsterinsights_sitenote_note":"","_monsterinsights_sitenote_category":0},"product_brand":[],"product_cat":[79],"product_tag":[],"class_list":{"0":"post-7250","1":"product","2":"type-product","3":"status-publish","4":"has-post-thumbnail","6":"product_cat-okategoriserad","9":"first","10":"instock","11":"taxable","12":"shipping-taxable","13":"product-type-external"},"yoast_head":"<!-- This site is optimized with the Yoast SEO plugin v27.5 - https:\/\/yoast.com\/product\/yoast-seo-wordpress\/ -->\n<title>LS HEAT SEAT FOR SADDLES - Ekholm Vision - PROB SERIEN<\/title>\n<meta name=\"robots\" content=\"index, follow, max-snippet:-1, max-image-preview:large, max-video-preview:-1\" \/>\n<link rel=\"canonical\" href=\"https:\/\/www.ekholmnordic.se\/produkt\/ls-vaermesits-foer-sadel\/\" \/>\n<meta property=\"og:locale\" content=\"en_US\" \/>\n<meta property=\"og:type\" content=\"article\" \/>\n<meta property=\"og:title\" content=\"LS HEAT SEAT FOR SADDLES - Ekholm Vision - PROB SERIEN\" \/>\n<meta property=\"og:description\" content=\"LS HEAT SEAT GIVES THE SEAT A BEAUTIFUL HEAT ON RIDING COLD DAYS FROM SWEDISCH SHEEP\" \/>\n<meta property=\"og:url\" content=\"https:\/\/www.ekholmnordic.se\/produkt\/ls-vaermesits-foer-sadel\/\" \/>\n<meta property=\"og:site_name\" content=\"Ekholm Vision - PROB SERIEN\" \/>\n<meta property=\"article:modified_time\" content=\"2019-01-19T17:32:35+00:00\" \/>\n<meta property=\"og:image\" content=\"https:\/\/www.ekholmnordic.se\/wp-content\/uploads\/2017\/11\/5.png\" \/>\n\t<meta property=\"og:image:width\" content=\"700\" \/>\n\t<meta property=\"og:image:height\" content=\"700\" \/>\n\t<meta property=\"og:image:type\" content=\"image\/png\" \/>\n<meta name=\"twitter:card\" content=\"summary_large_image\" \/>\n<meta name=\"twitter:label1\" content=\"Est. reading time\" \/>\n\t<meta name=\"twitter:data1\" content=\"1 minute\" \/>\n<script type=\"application\/ld+json\" class=\"yoast-schema-graph\">{\"@context\":\"https:\\\/\\\/schema.org\",\"@graph\":[{\"@type\":\"WebPage\",\"@id\":\"https:\\\/\\\/www.ekholmnordic.se\\\/produkt\\\/ls-vaermesits-foer-sadel\\\/\",\"url\":\"https:\\\/\\\/www.ekholmnordic.se\\\/produkt\\\/ls-vaermesits-foer-sadel\\\/\",\"name\":\"LS HEAT SEAT FOR SADDLES - Ekholm Vision - PROB SERIEN\",\"isPartOf\":{\"@id\":\"https:\\\/\\\/www.ekholmnordic.se\\\/#website\"},\"primaryImageOfPage\":{\"@id\":\"https:\\\/\\\/www.ekholmnordic.se\\\/produkt\\\/ls-vaermesits-foer-sadel\\\/#primaryimage\"},\"image\":{\"@id\":\"https:\\\/\\\/www.ekholmnordic.se\\\/produkt\\\/ls-vaermesits-foer-sadel\\\/#primaryimage\"},\"thumbnailUrl\":\"https:\\\/\\\/www.ekholmnordic.se\\\/wp-content\\\/uploads\\\/2017\\\/11\\\/5.png\",\"datePublished\":\"2017-11-30T12:50:27+00:00\",\"dateModified\":\"2019-01-19T17:32:35+00:00\",\"breadcrumb\":{\"@id\":\"https:\\\/\\\/www.ekholmnordic.se\\\/produkt\\\/ls-vaermesits-foer-sadel\\\/#breadcrumb\"},\"inLanguage\":\"en-US\",\"potentialAction\":[{\"@type\":\"ReadAction\",\"target\":[\"https:\\\/\\\/www.ekholmnordic.se\\\/produkt\\\/ls-vaermesits-foer-sadel\\\/\"]}]},{\"@type\":\"ImageObject\",\"inLanguage\":\"en-US\",\"@id\":\"https:\\\/\\\/www.ekholmnordic.se\\\/produkt\\\/ls-vaermesits-foer-sadel\\\/#primaryimage\",\"url\":\"https:\\\/\\\/www.ekholmnordic.se\\\/wp-content\\\/uploads\\\/2017\\\/11\\\/5.png\",\"contentUrl\":\"https:\\\/\\\/www.ekholmnordic.se\\\/wp-content\\\/uploads\\\/2017\\\/11\\\/5.png\",\"width\":700,\"height\":700},{\"@type\":\"BreadcrumbList\",\"@id\":\"https:\\\/\\\/www.ekholmnordic.se\\\/produkt\\\/ls-vaermesits-foer-sadel\\\/#breadcrumb\",\"itemListElement\":[{\"@type\":\"ListItem\",\"position\":1,\"name\":\"Hem\",\"item\":\"https:\\\/\\\/www.ekholmnordic.se\\\/en\\\/\"},{\"@type\":\"ListItem\",\"position\":2,\"name\":\"WEBSHOP\",\"item\":\"https:\\\/\\\/www.ekholmnordic.se\\\/en\\\/webshop\\\/\"},{\"@type\":\"ListItem\",\"position\":3,\"name\":\"LS HEAT SEAT FOR SADDLES\"}]},{\"@type\":\"WebSite\",\"@id\":\"https:\\\/\\\/www.ekholmnordic.se\\\/#website\",\"url\":\"https:\\\/\\\/www.ekholmnordic.se\\\/\",\"name\":\"Ekholm Vision - PROB SERIEN\",\"description\":\"F\u00d6R EN OPTIMAL HUD OCH P\u00c4LSV\u00c5RD\",\"potentialAction\":[{\"@type\":\"SearchAction\",\"target\":{\"@type\":\"EntryPoint\",\"urlTemplate\":\"https:\\\/\\\/www.ekholmnordic.se\\\/?s={search_term_string}\"},\"query-input\":{\"@type\":\"PropertyValueSpecification\",\"valueRequired\":true,\"valueName\":\"search_term_string\"}}],\"inLanguage\":\"en-US\"}]}<\/script>\n<!-- \/ Yoast SEO plugin. -->","yoast_head_json":{"title":"LS HEAT SEAT FOR SADDLES - Ekholm Vision - PROB SERIEN","robots":{"index":"index","follow":"follow","max-snippet":"max-snippet:-1","max-image-preview":"max-image-preview:large","max-video-preview":"max-video-preview:-1"},"canonical":"https:\/\/www.ekholmnordic.se\/produkt\/ls-vaermesits-foer-sadel\/","og_locale":"en_US","og_type":"article","og_title":"LS HEAT SEAT FOR SADDLES - Ekholm Vision - PROB SERIEN","og_description":"LS HEAT SEAT GIVES THE SEAT A BEAUTIFUL HEAT ON RIDING COLD DAYS FROM SWEDISCH SHEEP","og_url":"https:\/\/www.ekholmnordic.se\/produkt\/ls-vaermesits-foer-sadel\/","og_site_name":"Ekholm Vision - PROB SERIEN","article_modified_time":"2019-01-19T17:32:35+00:00","og_image":[{"width":700,"height":700,"url":"https:\/\/www.ekholmnordic.se\/wp-content\/uploads\/2017\/11\/5.png","type":"image\/png"}],"twitter_card":"summary_large_image","twitter_misc":{"Est. reading time":"1 minute"},"schema":{"@context":"https:\/\/schema.org","@graph":[{"@type":"WebPage","@id":"https:\/\/www.ekholmnordic.se\/produkt\/ls-vaermesits-foer-sadel\/","url":"https:\/\/www.ekholmnordic.se\/produkt\/ls-vaermesits-foer-sadel\/","name":"LS HEAT SEAT FOR SADDLES - Ekholm Vision - PROB SERIEN","isPartOf":{"@id":"https:\/\/www.ekholmnordic.se\/#website"},"primaryImageOfPage":{"@id":"https:\/\/www.ekholmnordic.se\/produkt\/ls-vaermesits-foer-sadel\/#primaryimage"},"image":{"@id":"https:\/\/www.ekholmnordic.se\/produkt\/ls-vaermesits-foer-sadel\/#primaryimage"},"thumbnailUrl":"https:\/\/www.ekholmnordic.se\/wp-content\/uploads\/2017\/11\/5.png","datePublished":"2017-11-30T12:50:27+00:00","dateModified":"2019-01-19T17:32:35+00:00","breadcrumb":{"@id":"https:\/\/www.ekholmnordic.se\/produkt\/ls-vaermesits-foer-sadel\/#breadcrumb"},"inLanguage":"en-US","potentialAction":[{"@type":"ReadAction","target":["https:\/\/www.ekholmnordic.se\/produkt\/ls-vaermesits-foer-sadel\/"]}]},{"@type":"ImageObject","inLanguage":"en-US","@id":"https:\/\/www.ekholmnordic.se\/produkt\/ls-vaermesits-foer-sadel\/#primaryimage","url":"https:\/\/www.ekholmnordic.se\/wp-content\/uploads\/2017\/11\/5.png","contentUrl":"https:\/\/www.ekholmnordic.se\/wp-content\/uploads\/2017\/11\/5.png","width":700,"height":700},{"@type":"BreadcrumbList","@id":"https:\/\/www.ekholmnordic.se\/produkt\/ls-vaermesits-foer-sadel\/#breadcrumb","itemListElement":[{"@type":"ListItem","position":1,"name":"Hem","item":"https:\/\/www.ekholmnordic.se\/en\/"},{"@type":"ListItem","position":2,"name":"WEBSHOP","item":"https:\/\/www.ekholmnordic.se\/en\/webshop\/"},{"@type":"ListItem","position":3,"name":"LS HEAT SEAT FOR SADDLES"}]},{"@type":"WebSite","@id":"https:\/\/www.ekholmnordic.se\/#website","url":"https:\/\/www.ekholmnordic.se\/","name":"Ekholm Vision - PROB SERIEN","description":"F\u00d6R EN OPTIMAL HUD OCH P\u00c4LSV\u00c5RD","potentialAction":[{"@type":"SearchAction","target":{"@type":"EntryPoint","urlTemplate":"https:\/\/www.ekholmnordic.se\/?s={search_term_string}"},"query-input":{"@type":"PropertyValueSpecification","valueRequired":true,"valueName":"search_term_string"}}],"inLanguage":"en-US"}]}},"_links":{"self":[{"href":"https:\/\/www.ekholmnordic.se\/en\/wp-json\/wp\/v2\/product\/7250","targetHints":{"allow":["GET"]}}],"collection":[{"href":"https:\/\/www.ekholmnordic.se\/en\/wp-json\/wp\/v2\/product"}],"about":[{"href":"https:\/\/www.ekholmnordic.se\/en\/wp-json\/wp\/v2\/types\/product"}],"replies":[{"embeddable":true,"href":"https:\/\/www.ekholmnordic.se\/en\/wp-json\/wp\/v2\/comments?post=7250"}],"wp:featuredmedia":[{"embeddable":true,"href":"https:\/\/www.ekholmnordic.se\/en\/wp-json\/wp\/v2\/media\/24082"}],"wp:attachment":[{"href":"https:\/\/www.ekholmnordic.se\/en\/wp-json\/wp\/v2\/media?parent=7250"}],"wp:term":[{"taxonomy":"product_brand","embeddable":true,"href":"https:\/\/www.ekholmnordic.se\/en\/wp-json\/wp\/v2\/product_brand?post=7250"},{"taxonomy":"product_cat","embeddable":true,"href":"https:\/\/www.ekholmnordic.se\/en\/wp-json\/wp\/v2\/product_cat?post=7250"},{"taxonomy":"product_tag","embeddable":true,"href":"https:\/\/www.ekholmnordic.se\/en\/wp-json\/wp\/v2\/product_tag?post=7250"}],"curies":[{"name":"wp","href":"https:\/\/api.w.org\/{rel}","templated":true}]}}

<p id="tw-target-text" class="tw-data-text tw-ta tw-text-small" dir="ltr" data-placeholder="Översättning"><span lang="en">LS HEAT SEAT </span></p>
<p class="tw-data-text tw-ta tw-text-small" dir="ltr" data-placeholder="Översättning"><span lang="en">LS HEAT SEAT for saddle gives your seat a lovely warmth during cold winter days in the saddle. </span></p>
<p class="tw-data-text tw-ta tw-text-small" dir="ltr" data-placeholder="Översättning"><span lang="en">It is fitted to the saddle for the best fit. Fastened with elastic and Velcro. It is made of genuine Swedish natural sheepskin and is available in varied colors. </span></p>
<p class="tw-data-text tw-ta tw-text-small" dir="ltr" data-placeholder="Översättning"><span lang="en">It is only sewn up after ordering. Right now only in full size but with interest in pony size so please email us info@ekholmnordic.eu. </span></p>
<p class="tw-data-text tw-ta tw-text-small" dir="ltr" data-placeholder="Översättning"><span lang="en">This seat is now available in the webshop </span></p>
<p class="tw-data-text tw-ta tw-text-small" dir="ltr" data-placeholder="Översättning"><span lang="en">NOTE: No discounts apply </span></p>
<p class="tw-data-text tw-ta tw-text-small" dir="ltr" data-placeholder="Översättning"><span lang="en">Lager&#8217;s leather own website is </span></p>
<p class="tw-data-text tw-ta tw-text-small" dir="ltr" data-placeholder="Översättning"><span lang="en">www.bogolen.se </span></p>
<p class="tw-data-text tw-ta tw-text-small" dir="ltr" data-placeholder="Översättning"><span lang="en">You can also find them on Facebook, click on the name here: </span></p>
<p class="tw-data-text tw-ta tw-text-small" dir="ltr" data-placeholder="Översättning"><span lang="en">Lagers Skinn LS products And on Instagram<img loading="lazy" decoding="async" class="alignleft size-medium wp-image-7232" src="https://www.ekholmnordic.se/wp-content/uploads/2017/11/Sits2e-225x300.jpg" alt="" width="225" height="300" srcset="https://www.ekholmnordic.se/wp-content/uploads/2017/11/Sits2e-225x300.jpg 225w, https://www.ekholmnordic.se/wp-content/uploads/2017/11/Sits2e-100x133.jpg 100w, https://www.ekholmnordic.se/wp-content/uploads/2017/11/Sits2e-600x800.jpg 600w, https://www.ekholmnordic.se/wp-content/uploads/2017/11/Sits2e.jpg 720w" sizes="auto, (max-width: 225px) 100vw, 225px" /><img loading="lazy" decoding="async" class="alignleft size-medium wp-image-7238" src="https://www.ekholmnordic.se/wp-content/uploads/2017/11/Sits2c-220x300.jpg" alt="" width="220" height="300" srcset="https://www.ekholmnordic.se/wp-content/uploads/2017/11/Sits2c-220x300.jpg 220w, https://www.ekholmnordic.se/wp-content/uploads/2017/11/Sits2c-100x136.jpg 100w, https://www.ekholmnordic.se/wp-content/uploads/2017/11/Sits2c.jpg 528w" sizes="auto, (max-width: 220px) 100vw, 220px" /><img loading="lazy" decoding="async" class="alignleft size-medium wp-image-7244" src="https://www.ekholmnordic.se/wp-content/uploads/2017/11/Sits2a-300x300.jpg" alt="" width="300" height="300" srcset="https://www.ekholmnordic.se/wp-content/uploads/2017/11/Sits2a-300x300.jpg 300w, https://www.ekholmnordic.se/wp-content/uploads/2017/11/Sits2a-150x150.jpg 150w, https://www.ekholmnordic.se/wp-content/uploads/2017/11/Sits2a-100x100.jpg 100w, https://www.ekholmnordic.se/wp-content/uploads/2017/11/Sits2a-865x865.jpg 865w, https://www.ekholmnordic.se/wp-content/uploads/2017/11/Sits2a-600x600.jpg 600w, https://www.ekholmnordic.se/wp-content/uploads/2017/11/Sits2a.jpg 960w" sizes="auto, (max-width: 300px) 100vw, 300px" />: Lagers skinn</span></p>

<!-- This site is optimized with the Yoast SEO plugin v27.5 - https://yoast.com/product/yoast-seo-wordpress/ -->
<title>LS HEAT SEAT FOR SADDLES - Ekholm Vision - PROB SERIEN</title>
<meta name="robots" content="index, follow, max-snippet:-1, max-image-preview:large, max-video-preview:-1" />
<link rel="canonical" href="https://www.ekholmnordic.se/produkt/ls-vaermesits-foer-sadel/" />
<meta property="og:locale" content="en_US" />
<meta property="og:type" content="article" />
<meta property="og:title" content="LS HEAT SEAT FOR SADDLES - Ekholm Vision - PROB SERIEN" />
<meta property="og:description" content="LS HEAT SEAT GIVES THE SEAT A BEAUTIFUL HEAT ON RIDING COLD DAYS FROM SWEDISCH SHEEP" />
<meta property="og:url" content="https://www.ekholmnordic.se/produkt/ls-vaermesits-foer-sadel/" />
<meta property="og:site_name" content="Ekholm Vision - PROB SERIEN" />
<meta property="article:modified_time" content="2019-01-19T17:32:35+00:00" />
<meta property="og:image" content="https://www.ekholmnordic.se/wp-content/uploads/2017/11/5.png" />
	<meta property="og:image:width" content="700" />
	<meta property="og:image:height" content="700" />
	<meta property="og:image:type" content="image/png" />
<meta name="twitter:card" content="summary_large_image" />
<meta name="twitter:label1" content="Est. reading time" />
	<meta name="twitter:data1" content="1 minute" />
<script type="application/ld+json" class="yoast-schema-graph">{"@context":"https:\/\/schema.org","@graph":[{"@type":"WebPage","@id":"https:\/\/www.ekholmnordic.se\/produkt\/ls-vaermesits-foer-sadel\/","url":"https:\/\/www.ekholmnordic.se\/produkt\/ls-vaermesits-foer-sadel\/","name":"LS HEAT SEAT FOR SADDLES - Ekholm Vision - PROB SERIEN","isPartOf":{"@id":"https:\/\/www.ekholmnordic.se\/#website"},"primaryImageOfPage":{"@id":"https:\/\/www.ekholmnordic.se\/produkt\/ls-vaermesits-foer-sadel\/#primaryimage"},"image":{"@id":"https:\/\/www.ekholmnordic.se\/produkt\/ls-vaermesits-foer-sadel\/#primaryimage"},"thumbnailUrl":"https:\/\/www.ekholmnordic.se\/wp-content\/uploads\/2017\/11\/5.png","datePublished":"2017-11-30T12:50:27+00:00","dateModified":"2019-01-19T17:32:35+00:00","breadcrumb":{"@id":"https:\/\/www.ekholmnordic.se\/produkt\/ls-vaermesits-foer-sadel\/#breadcrumb"},"inLanguage":"en-US","potentialAction":[{"@type":"ReadAction","target":["https:\/\/www.ekholmnordic.se\/produkt\/ls-vaermesits-foer-sadel\/"]}]},{"@type":"ImageObject","inLanguage":"en-US","@id":"https:\/\/www.ekholmnordic.se\/produkt\/ls-vaermesits-foer-sadel\/#primaryimage","url":"https:\/\/www.ekholmnordic.se\/wp-content\/uploads\/2017\/11\/5.png","contentUrl":"https:\/\/www.ekholmnordic.se\/wp-content\/uploads\/2017\/11\/5.png","width":700,"height":700},{"@type":"BreadcrumbList","@id":"https:\/\/www.ekholmnordic.se\/produkt\/ls-vaermesits-foer-sadel\/#breadcrumb","itemListElement":[{"@type":"ListItem","position":1,"name":"Hem","item":"https:\/\/www.ekholmnordic.se\/en\/"},{"@type":"ListItem","position":2,"name":"WEBSHOP","item":"https:\/\/www.ekholmnordic.se\/en\/webshop\/"},{"@type":"ListItem","position":3,"name":"LS HEAT SEAT FOR SADDLES"}]},{"@type":"WebSite","@id":"https:\/\/www.ekholmnordic.se\/#website","url":"https:\/\/www.ekholmnordic.se\/","name":"Ekholm Vision - PROB SERIEN","description":"FÖR EN OPTIMAL HUD OCH PÄLSVÅRD","potentialAction":[{"@type":"SearchAction","target":{"@type":"EntryPoint","urlTemplate":"https:\/\/www.ekholmnordic.se\/?s={search_term_string}"},"query-input":{"@type":"PropertyValueSpecification","valueRequired":true,"valueName":"search_term_string"}}],"inLanguage":"en-US"}]}</script>
<!-- / Yoast SEO plugin. -->

FÖR EN OPTIMAL HUD OCH PÄLSVÅRD
